igit of q?
3
What is the units digit of ((-51)/34)/((-6)/45072)?
8
Let y(d) = d**3 - 7*d**2 - 11*d + 33. Let s be y(8). What is the units digit of (-6004)/(-32) + 2*s/48?
8
Let i(f) = 49*f**2 + 11*f - 32. Let g be i(4). Suppose 0 = 2*q - 5*s - g, -4*q + 5*s = -5*q + 368. Suppose -4*t = -q - 144. What is the tens digit of t?
3
Let y(g) = g**3 - 19*g**2 + 5*g - 5. Let c be y(8). Let p = -58 - c. What is the tens digit of p?
1
Let j = -2065 - -2435. What is the units digit of j?
0
Let u = 10696 - 5454. What is the tens digit of u?
4
Let p(d) = -3*d + 20. Suppose -g = -3*u + 18, 4*g + 3*u = 6*g + 21. Let c be p(g). What is the units digit of c + -30 + 2*49?
7
Let i = 368 - 373. Let b(g) = g**3 + 7*g**2 + 6*g + 11. What is the tens digit of b(i)?
3
Suppose 21435 = 4*f + 2*w - 79399, -3*f = 3*w - 75627. What is the units digit of f?
8
Let u(v) = 2*v**3 - 79*v**2 - 111*v - 859. What is the tens digit of u(47)?
5
Let f = -3640 - -5251. Suppose -2968 = -4*t - 3*q, 2*t + 127 = -5*q + f. What is the tens digit of t?
4
Let n(g) = -2*g**2 + g**3 - 2 + 4*g**2 + 76*g + 2*g**2 - 79*g. Let d be n(3). What is the units digit of (162/8)/(13/d)?
1
Let w = 163614 + -87604. What is the units digit of w?
0
Let x(o) = o**2 + 15*o + 14. Let f = -2 - 12. Let g be x(f). Suppose g = -54*v + 50*v + 344. What is the tens digit of v?
8
Let z(c) = -183*c**3 - 3*c**2 + 7*c + 30. What is the thousands digit of z(-5)?
2
Let j = 2 + 549. Let f = j - 364. What is the tens digit of f?
8
Let h be 68/6*(-12 - -9). Let c = h - -39. Suppose -26 = -2*n - 2*r, c*n - n = r + 47. What is the tens digit of n?
1
Let c(b) = 36 - 32*b - 12*b + 11*b + 10 - 17*b. What is the thousands digit of c(-22)?
1
Let o = 482 + 74. Let n = 341 + o. What is the tens digit of n?
9
Let z(q) = -q**3 + 8*q**2 - 3*q + 1. Let f be z(8). Let m = -10 - f. Suppose -m*w - 303 = -16*w. What is the hundreds digit of w?
1
Let c be (-3 - 1) + 13*23. Suppose 10*f = 11*f - c. What is the units digit of f?
5
Let h = -159 + 149. What is the units digit of -7 + (-2336)/(-40) - (-4)/h?
1
Let r(t) = -135*t + 5. Let a be r(9). Let u be ((-1)/(-2))/(11/a). Let f = u - -149. What is the tens digit of f?
9
Suppose -8308 = -30*l + 15482. Let q = l - 325. What is the hundreds digit of q?
4
Let r = 50 - 110. Let y = -62 - r. Let t(q) = -14*q**3 + 3*q**2 + 4*q + 2. What is the hundreds digit of t(y)?
1
Let s be (4/(-6))/((-24)/(-18))*-6. Suppose 0*m - s*m = -27. What is the units digit of m?
9
Suppose 0 = 4*l - 5*l + 82. Let q = 82 - l. Suppose 5*c - 255 = -d, q = 2*c - 5*d - 23 - 79. What is the tens digit of c?
5
Suppose 0 = -a + 1 + 5. Suppose -a*w + 33 = -5*w. Let b = -15 + w. What is the units digit of b?
8
Let j = 19965 + -4696. What is the thousands digit of j?
5
Let u(k) = 3*k + 12. Let q be u(-4). Suppose q = -j + 303 + 52. What is the units digit of j?
5
Let q(v) = v**2 - v. Let t(o) = -184*o**2 - 6*o - 1. Let f(d) = d**2. Let x(b) = -6*f(b) + t(b). Let y(l) = 6*q(l) - x(l). What is the units digit of y(1)?
7
Let y(f) = 540*f**2 + 228*f + 55. What is the hundreds digit of y(-9)?
7
Suppose -s + 497 = -2*i, 0 = 2*i - 4*i - s - 507. Let v(p) = -p**3 + 15*p**2 - 10*p - 33. Let n be v(10). Let k = n + i. What is the units digit of k?
6
Let j = 526 - 474. Suppose -d - 3*k + 8 = k, -2*d = -k - j. What is the tens digit of d?
2
Let q(w) = -29 - 4*w + 12*w - 10*w. Let m be q(-15). What is the hundreds digit of (-357)/(0 + -3) + m?
1
Suppose -r - 4 = 0, 4*f - 1 = r + 39. What is the hundreds digit of ((-30)/25)/(f/(-1335))?
1
Let y = 9028 + -1884. What is the tens digit of y?
4
What is the tens digit of (-3)/((-8)/168 - 6/63)?
2
Let s(i) = -31*i + 51. Let c(h) = 1. Let r(q) = 4*c(q) - s(q). What is the hundreds digit of r(7)?
1
Let c = -29197 - -41524. What is the tens digit of c?
2
Let v = 1 + 5. Let q(j) = -163*j - 7661. Let m be q(-47). Suppose -v*f + 216 + 60 = m. What is the units digit of f?
6
Let s(l) = 47*l**2 + 211. What is the thousands digit of s(9)?
4
Let s(x) = 119*x**3 - 4*x**2 - 10*x + 13. What is the thousands digit of s(4)?
7
Suppose c = -6*c + 2226. Let m be c/(-4)*90/(-27). Suppose 4*n + 5*q - 384 = 0, -5*n + 2*q + m = -182. What is the tens digit of n?
9
Let k(g) = -8*g + 2*g - 7*g**2 - g**3 + 5*g**3 + 16 - 43 - 7*g**3. What is the hundreds digit of k(-7)?
7
Suppose -5*r + 39 = 139. Let z = r + 38. What is the tens digit of 22*3/z*15?
5
Let w = -377 - -5832. What is the units digit of w?
5
Let n(z) = z**2 + 4*z - 10. Let b be n(-9). Let p = -20 + b. Suppose 21 = 2*c - 4*r - 15, c - p = r. What is the tens digit of c?
1
Let a = -57 + 31. Let x be (-9390)/a - (-42)/(-273). Suppose 0 = 6*k - x - 173. What is the tens digit of k?
8
Suppose -2*i = -5*i + 225. Let j(x) = 2*x**2 + 11*x. Let z be j(-10). Let a = z - i. What is the tens digit of a?
1
Let l = 9 - 4. Suppose 18 = 3*m + 3*i, -2*m - l*i + 22 - 7 = 0. What is the hundreds digit of ((-10)/(-4))/(m/210)?
1
Suppose -4*y + 5*s = -12842, -25*y - 2*s = -29*y + 12824. What is the thousands digit of y?
3
Suppose -6 = 10*k - 8*k. Let c be k/9*(-72)/12. Suppose -c*u = -2*a - 536, 3*a = -0*u - 3*u + 816. What is the hundreds digit of u?
2
Let f be (-95)/38 - 22/(-4). Suppose 299 = 3*h - 2*h - 4*a, h - f*a = 303. What is the hundreds digit of h?
3
Suppose 13*h - 2069 - 8043 = 18137. What is the units digit of h?
3
Let q be 0 - (-1 + -5 + 3). Suppose -922 = -q*x - 103. Suppose -5*y - o = -341, o - 2*o = 4*y - x. What is the units digit of y?
8
Suppose 68*m - 48 = 56*m. Suppose 0 = -3*r + m*t + 578, 3*r + 11*t = 6*t + 533. What is the tens digit of r?
8
Suppose 0 = -3*f + g + 133333, -92*f + g = -91*f - 44439. What is the tens digit of f?
4
Suppose -2*h + 36740 - 16720 = -76116. What is the ten thousands digit of h?
4
Suppose 5*y = -a + 2*a - 56, 3*a = y + 14. Let s = 15 + y. Suppose -s*v + 8*v = 252. What is the tens digit of v?
6
Let r(z) = z**3 - 11*z**2 - 26*z + 8. Let g be r(14). Let u = g - -65. What is the tens digit of u?
9
Let a(s) = 3*s**2 - 110*s - 344. What is the tens digit of a(-37)?
3
Let f = 22891 - 5901. What is the hundreds digit of f?
9
What is the units digit of ((-9380)/(-5))/((-12)/(-24))?
2
Let w = -7455 + 4188. Let l = -2227 - w. What is the units digit of l?
0
Suppose -3*q - 67 = -g, -4*g + 11*q - 7*q = -268. Suppose k - 48 = g. What is the hundreds digit of k?
1
Suppose -2*c - 182103 = -5*n, -2*n = -115*c + 120*c - 72847. What is the hundreds digit of n?
4
Suppose -9 = -5*x + 1. Let f(h) be the first derivative of 7*h**3/3 - 3*h**2/2 + 5*h + 4. What is the tens digit of f(x)?
2
Let y = -499 - -502. Suppose 3*k - 1475 = -4*u, 495 = 12*k - 11*k + y*u. What is the hundreds digit of k?
4
Suppose b = -k + 34183, -k + b + 102513 = 2*k. What is the ten thousands digit of k?
3
Suppose 18*u - 20*u - 12 = 0. Let p be (4 - 1) + (-7 - u) - -1. What is the units digit of p*3/((-27)/(-195))?
5
Suppose 4*m - g = -0*g - 20, -16 = -4*g. Let b be -59 + (-2)/m*-2. What is the units digit of -3 - -2 - -4 - b?
3
Suppose -i = -3*n - 149, -3*n - 105 = -n + 5*i. Let m = n - -248. Let g = 358 - m. What is the tens digit of g?
6
Let s = 323 - 545. What is the tens digit of s/(-4)*176/66?
4
Suppose 0*v + 2*v - 120 = -3*f, 4*f - 160 = 3*v. Let n(w) = -10*w**3 + 2*w**2 + w - 3. Let g be n(-2). Let j = g + f. What is the units digit of j?
3
Suppose 538*n - 541*n + 43445 = 5*r, 0 = 5*n + 5*r - 72425. What is the ten thousands digit of n?
1
Let h be 52/(-14) - 1 - (-156)/(-546). What is the units digit of (-84)/(2 + 20/h)?
2
Let u(p) = 3*p. Let l be u(2). Suppose l*h + 43 - 199 = 0. What is the units digit of h?
6
Let v be (2/4)/(5/90). Suppose -16*u = v*u - 3400. What is the tens digit of u?
3
Let o(d) = -12*d + 21. Let k be o(0). Suppose 28*s - k*s - 2632 = 0. What is the tens digit of s?
7
Let v = -1 - 11. Let p(f) = 2*f**3 + 25*f**2 - 19*f - 11. What is the hundreds digit of p(v)?
3
Suppose 0 = 4*i - 15 - 25. Let j be 2042/(-8) + (-2)/(-8). What is the units digit of (-10)/(3/(j/i))?
5
Suppose y - 11 = -14. What is the tens digit of y/(-18) - (-3334)/12?
7
Suppose -9*a = 2*a + 902. Let l = -78 - a. Suppose 0 = n + l*s - 159, -3*s + 2*s = -4*n + 619. What is the tens digit of n?
5
Suppose 5*q = 5*k + 35, 3*k - 7*k = -5*q + 28. What is the hundreds digit of k*4/(-42) - 826/(